+ 1?
17c
In base 14, what is -1 + 237?
236
In base 7, what is 3 + -12?
-6
In base 14, what is 3 + -1?
2
In base 9, what is 240 + 65?
315
In base 6, what is -102 + 0?
-102
In base 2, what is -1000 - -11110?
10110
In base 11, what is -12 - 943?
-955
In base 5, what is -212 - 4?
-221
In base 4, what is 10 - 23102?
-23032
In base 6, what is -12 + -243?
-255
In base 15, what is 77 + 4?
7b
In base 2, what is -11 - -10011111111?
10011111100
In base 9, what is -13183 - 4?
-13187
In base 8, what is 4 + -20?
-14
In base 10, what is -4 + 108?
104
In base 12, what is -155 + -3?
-158
In base 9, what is -8 - 115?
-124
In base 11, what is 2994 - 5?
298a
In base 3, what is -1012 - 2?
-1021
In base 5, what is -11002 + -3?
-11010
In base 13, what is 315 + -6?
30c
In base 7, what is 2 + -1163?
-1161
In base 14, what is 0 - c2?
-c2
In base 11, what is 2 - -223?
225
In base 7, what is 33154 - -1?
33155
In base 10, what is 4 - 687?
-683
In base 7, what is -5 - 14?
-22
In base 12, what is 180 - -1?
181
In base 4, what is -2112013 - 0?
-2112013
In base 15, what is -1 - -2?
1
In base 6, what is 113422 - -4?
113430
In base 9, what is 0 - 670?
-670
In base 2, what is -1110 - -10100111?
10011001
In base 8, what is -206615 - 5?
-206622
In base 14, what is -1d4 - -2d?
-1a5
In base 9, what is -1 + -7230?
-7231
In base 7, what is 255 - -2?
260
In base 10, what is 5 + 7355?
7360
In base 7, what is 22 - -333?
355
In base 9, what is 36 + 26?
63
In base 7, what is -4 + -52?
-56
In base 4, what is 1332 - -10?
2002
In base 2, what is 0 + 11111001110?
11111001110
In base 11, what is 1 + -1593?
-1592
In base 7, what is -6 + 1?
-5
In base 12, what is -625 + -1?
-626
In base 15, what is 1079 - -3?
107c
In base 13, what is 2 - -49b?
4a0
In base 9, what is -6 + 18?
12
In base 9, what is -14 + -76?
-101
In base 14, what is 3 - 63?
-60
In base 9, what is -12 + -22?
-34
In base 8, what is 32 + -1?
31
In base 14, what is -b - -11?
4
In base 16, what is -5 - -34?
2f
In base 4, what is 3220 - -3?
3223
In base 3, what is 12 + 212022?
212111
In base 13, what is 3 + a98?
a9b
In base 3, what is -11 + -11200?
-11211
In base 6, what is -43455 + 5?
-43450
In base 2, what is 101 + -100?
1
In base 16, what is -580 - 4?
-584
In base 12, what is -a99 - 0?
-a99
In base 4, what is -10 - 110131?
-110201
In base 3, what is 20001 + -2?
12222
In base 10, what is 5 - -189?
194
In base 15, what is -1 + -9?
-a
In base 6, what is -24 - 122?
-150
In base 6, what is 525 - 5?
520
In base 9, what is 0 - -5623?
5623
In base 13, what is c - -8b?
9a
In base 11, what is 0 - 70?
-70
In base 4, what is 1002 - 2?
1000
In base 10, what is -31 + 7?
-24
In base 4, what is -3013030 + -2?
-3013032
In base 15, what is 6ad + 3?
6b1
In base 15, what is -c - -1e?
12
In base 5, what is 122114 - 4?
122110
In base 7, what is -440 - 0?
-440
In base 8, what is -3 + 270?
265
In base 13, what is -4b + 65?
17
In base 4, what is -12312 + -2?
-12320
In base 14, what is -8 + -15?
-1d
In base 11, what is 6858 - 2?
6856
In base 4, what is 12333 + -1?
12332
In base 4, what is -21 + 11?
-10
In base 15, what is 3 + 29?
2c
In base 16, what is -2 + -68?
-6a
In base 10, what is 0 - 1516?
-1516
In base 5, what is -10 + -3401?
-3411
In base 2, what is -1001 + 1010000111?
1001111110
In base 16, what is -3 + -17a?
-17d
In base 7, what is -11 - -21?
10
In base 11, what is -2 - -109?
107
In base 3, what is 12 - -1200?
1212
In base 2, what is 110100 - -10110?
1001010
In base 10, what is 224 + 1?
225
In base 9, what is -1 - 442?
-443
In base 13, what is -5 - 2a?
-32
In base 5, what is -3 + 3014?
3011
In base 7, what is 3 + -2263?
-2260
In base 11, what is -87 - -1?
-86
In base 4, what is 311322 + -1?
311321
In base 14, what is 1 + -189?
-188
In base 15, what is -4 - -169?
165
In base 16, what is f - -d8?
e7
In base 11, what is 28 + 5?
32
In base 12, what is 16 - 3?
13
In base 5, what is 13442 + -10?
13432
In base 4, what is 2 - 223?
-221
In base 3, what is 112121220 - -11?
112122001
In base 9, what is -240 - 50?
-300
In base 15, what is -12 + -3c?
-4e
In base 13, what is -4 - 372?
-376
In base 12, what is 1518 + 5?
1521
In base 4, what is 1103 - -3?
1112
In base 13, what is -5 + -339?
-341
In base 11, what is -3 + -55?
-58
In base 11, what is -3 + -122?
-125
In base 6, what is -31 + -13?
-44
In base 13, what is -ab + -7?
-b5
In base 10, what is 26 + 9?
35
In base 15, what is -1 + -45?
-46
In base 15, what is -b4e - 1?
-b50
In base 14, what is -2cb - -1?
-2ca
In base 5, what is -340 + -400?
-1240
In base 9, what is 141 + 0?
141
In base 2, what is -11010100011 - 1?
-11010100100
In base 3, what is 11 - 100201220?
-100201202
In base 4, what is -11 + -1012332?
-1013003
In base 8, what is 4063 - 7?
4054
In base 12, what is 1 - -a5?
a6
In base 9, what is -7352 + 1?
-7351
In base 16, what is -819 - -c?
-80d
In base 5, what is 10 + -403?
-343
In base 11, what is -92a + -1?
-930
In base 12, what is -9 - -11?
4
In base 15, what is 3 + 22?
25
In base 2, what is 11 + 111111011?
111111110
In base 13, what is 16 - -61?
77
In base 11, what is 3 - -111?
114
In base 12, what is -51 + 7?
-46
In base 15, what is -c3 - a?
-cd
In base 13, what is -5 - 25?
-2a
In base 16, what is a4 + -1?
a3
In base 8, what is -1371 - 5?
-1376
In base 9, what is 427 + 1?
428
In base 16, what is -1 + 79?
78
In base 6, what is 20 + -33?
-13
In base 10, what is 17 - -21?
38
In base 15, what is 24 + -2?
22
In base 6, what is -35 - -4?
-31
In base 15, what is -5a + -1?
-5b
In base 12, what is -801 - -3?
-7ba
In base 10, what is 1 - 98?
-97
In base 9, what is -17 - -1000?
872
In base 13, what is 85 + -63?
22
In base 11, what is -304 + -5?
-309
In base 12, what is -5 + 481?
478
In base 7, what is 3 - 3330?
-3324
In base 9, what is 504 + 5?
510
In base 8, what is -4 - 35?
-41
In base 13, what is -32 - 9?
-3b
In base 11, what is -1031 + 4?
-1028
In base 12, what is -1 - 369?
-36a
In base 14, what is -3 + 5d1?
5cc
In base 12, what is -89 - -3?
-86
In base 16, what is -12 + -1a?
-2c
In base 16, what is 48 - -15?
5d
In base 15, what is -1 + 25e?
25d
In base 15, what is -61a + -1?
-61b
In base 4, what is 0 - -1121331?
1121331
In base 6, what is 11 + 130?
141
In base 9, what is -174 - 3?
-177
In base 9, what is -5 + 44?
38
In base 6, what is -304 - 4?
-312
In base 12, what is -457 - -6?
-451
In base 14, what is 1b + 37?
54
In base 7, what is 0 + 343?
343
In base 13, what is 4a64 + 2?
4a66
In base 4, what is -1033 + 1011?
-22
In base 7, what is -15 + 244?
226
In base 2, what is -110001111 + -10111?
-110100110
In base 10, what is -2 + 101?
99
In base 7, what is -2 + -314?
-316
In base 12, what is 0 - -44?
44
In base 15, what is 8b1 - 1?
8b0
In base 12, what is -23 - 1b9?
-220
In base 15, what is 11 + 7a?
8b
In base 7, what is 3516 + 3?
3522
In base 14, what is 12 + 0?
12
In base 15, what is -411 - 1?
-412
In base 10, what is -13 - 10?
-23
In base 15, what is -1b5 + -1?
-1b6
In base 15, what is 28 + 45?
6d
In base 6, what is 5 - 31?
-22
In base 7, what is 5 - -1460?
1465
In base 3, what is 11120211 + -11?
11120200
In base 13, what is -2b + 14?
-17
In base 13, what is 2 - ac?
-aa
In base 10, what is 5 - 226?
-221
In base 2, what is 101011101 + 11?
101100000
In base 6, what is -20252 - 0?
-20252
In base 2, what is -1110011 + 100?
-1101111
In base 5, what is 24200 + -3?
24142
In base 13, what is 436 - -7?
440
In base 15, what is -369 + 8?
-361
In base 4, what is 0 - 21323?
-21323
In base 15, what is -3a + 2?
-38
In base 12, what is 1 - 49?
-48
In base 16, what is 0 + -3ed?
-3ed
In base 16, what is 22 + f?
31
In base 13, what is -1 - 44?
-45
In base 15, what is 5 + a?
10
In base 5, what is -313 + 4?
-304
In base 9, what is -78 - -1?
-77
In base 6, what is 340 - -35?
415
In base 9, what is -72 - -1?
-71
In base 15, what is -1 - d8?
-d9
In base 14, what is -195 - 2?
-197
In base 14, what is 256 + 6?
25c
In base 7, what is -111 - 1?
-112
In base 11, what is -3 - -45?
42
In base 6, what is -553 - 1?
-554
In base 11, what is -6320 - 4?
-6324
In base 14, what is 8 - 2?
6
In base 6, what is 23 + -5?
14
In base 3, what is 11 - 2102201?
-2102120
In base 6, what is 125 + 2010?
2135
In base 12, what is 2 - 183?
-181
In base 2, what is 10010 + 11000?
101010
In base 3, what is 2 - -1002?
1011
In base 9, what is 8 - -61?
70
In 